{"id":17644,"date":"2022-03-08T10:43:14","date_gmt":"2022-03-08T09:43:14","guid":{"rendered":"https:\/\/tusferndorf-tischtennis.de\/?page_id=17644"},"modified":"2022-03-09T15:05:03","modified_gmt":"2022-03-09T14:05:03","slug":"mini-meisterschaften-2021-22-ortsentscheid-kreuztal","status":"publish","type":"page","link":"https:\/\/tusferndorf-tischtennis.de\/?page_id=17644","title":{"rendered":"Mini Meisterschaften 2021\/22 &#8211; Ortsentscheid Kreuztal"},"content":{"rendered":"<p><strong><a href=\"https:\/\/tusferndorf-tischtennis.de\/wp-content\/uploads\/2022\/03\/Mini-Meisterschaften-2021.png\"><img loading=\"lazy\" decoding=\"async\" class=\"alignnone wp-image-17636 size-large\" src=\"https:\/\/tusferndorf-tischtennis.de\/wp-content\/uploads\/2022\/03\/Mini-Meisterschaften-2021-1024x678.png\" alt=\"\" width=\"525\" height=\"348\" srcset=\"https:\/\/tusferndorf-tischtennis.de\/wp-content\/uploads\/2022\/03\/Mini-Meisterschaften-2021-1024x678.png 1024w, https:\/\/tusferndorf-tischtennis.de\/wp-content\/uploads\/2022\/03\/Mini-Meisterschaften-2021-300x199.png 300w, https:\/\/tusferndorf-tischtennis.de\/wp-content\/uploads\/2022\/03\/Mini-Meisterschaften-2021-768x509.png 768w, https:\/\/tusferndorf-tischtennis.de\/wp-content\/uploads\/2022\/03\/Mini-Meisterschaften-2021-1536x1017.png 1536w, https:\/\/tusferndorf-tischtennis.de\/wp-content\/uploads\/2022\/03\/Mini-Meisterschaften-2021-2048x1356.png 2048w\" sizes=\"auto, (max-width: 525px) 100vw, 525px\" \/><\/a><\/strong><\/p>\n<p>&nbsp;<\/p>\n<p><a href=\"https:\/\/www.tischtennis.de\/minis\"><img loading=\"lazy\" decoding=\"async\" class=\"alignleft wp-image-17654 size-medium\" src=\"https:\/\/tusferndorf-tischtennis.de\/wp-content\/uploads\/2022\/03\/0001-scaled-e1646739685449-266x300.jpg\" alt=\"\" width=\"266\" height=\"300\" \/><\/a>Die <a href=\"https:\/\/www.tischtennis.de\/minis\" target=\"_blank\" rel=\"noopener\">mini-Meisterschaften<\/a> sind eine Nachwuchsgewinnung- und Nachwuchsf\u00f6rderaktion des Deutschen Tischtennis-Bundes (DTTB), speziell entwickelt f\u00fcr Kinder im Alter von zw\u00f6lf Jahren oder j\u00fcnger. Dabei ist es vollkommen gleichg\u00fcltig, ob diese Minis noch nie, nur selten oder bereits h\u00e4ufig zum Schl\u00e4ger gegriffen haben. (Quelle: https:\/\/www.tischtennis.de\/minis)<\/p>\n<p>&nbsp;<\/p>\n<p>&nbsp;<\/p>\n<p><span style=\"font-size: 14pt;\"><strong>Alle wichtigen Infos zum Ortsentscheid in Kreuztal hier im \u00dcberblick:<\/strong><\/span><\/p>\n<p><span style=\"font-size: 14pt;\"><strong>Datum<\/strong>:<\/span> 20.03.2022<\/p>\n<p><span style=\"font-size: 14pt;\"><strong>Beginn<\/strong>:<\/span> 10 Uhr<\/p>\n<p><span style=\"font-size: 14pt;\"><strong>Ort<\/strong>:<\/span> Zweifachhalle Kreuztal, Am Park (unterhalb des gro\u00dfen Parkplatz Dresslers Park)<\/p>\n<p><span style=\"font-size: 14pt;\"><strong>Ausrichter<\/strong>:<\/span> TuS Ferndorf Abt. Tischtennis<\/p>\n<p>&nbsp;<\/p>\n<p><span style=\"font-size: 14pt;\"><strong>Anmeldungen &amp; Datenschutzerkl\u00e4rung:<\/strong>:<\/span><\/p>\n<p><a href=\"https:\/\/tusferndorf-tischtennis.de\/wp-content\/uploads\/2022\/03\/mini-OE-Anmeldeformular-modifiziert.docx\">Anmeldeformular + Datenschutzerkl\u00e4rung<\/a><\/p>\n<p><em><strong>Anmeldungen bitte bis 09.30 Uhr am Turniertag vor Ort oder vorab bei:<br \/>\n<\/strong><\/em><\/p>\n<p><a href=\"mailto:thorsten.haehn@tusferndorf-tischtennis.de\">Thorsten H\u00e4hn<\/a><\/p>\n<p><strong>E-Mail<\/strong>: thorsten.haehn@tusferndorf-tischtennis.de<\/p>\n<p><strong>Telefon<\/strong>: 01525-3751084<\/p>\n<p>&nbsp;<\/p>\n<p><span style=\"font-size: 14pt;\"><strong>Wer darf daran teilnehmen<\/strong>:<\/span><\/p>\n<p>Es gibt <strong>3 Altersklassen<\/strong> (weiblich und m\u00e4nnlich):<\/p>\n<p><strong>I.<\/strong> 8 Jahre und j\u00fcnger (Stichtag 01.01.2013)<\/p>\n<p><strong>II.<\/strong> 9 &amp; 10 Jahre (Stichtag 01.01.2011)<\/p>\n<p><strong>III.<\/strong> 11 &amp; 12 Jahre (Stichtag 01.01.2009)<\/p>\n<p>Die Teilnehmer d\u00fcrfen in einem Verein gemeldet sein, aber noch<strong> keine Spielberechtigung besitzen oder beantragt<\/strong> haben!<\/p>\n<p><strong>Es gibt keine Teilnahmegeb\u00fchr!<\/strong><\/p>\n<p>&nbsp;<\/p>\n<p><strong><span style=\"font-size: 14pt;\">Dauer<\/span>:<\/strong> ca. 2-3 Std., abh\u00e4ngig von der Teilnehmerzahl.<\/p>\n<p>&nbsp;<\/p>\n<p><span style=\"font-size: 14pt;\"><strong>Qualifikation zum Kreisentscheid<\/strong>:<\/span><\/p>\n<p>Mindestens die ersten 4 Platzierten jeder Altersklasse qualifizieren sich f\u00fcr den Kreisentscheid (oder den n\u00e4chsth\u00f6heren Entscheid). Diese werden nach dem Turnier direkt, nach schriftlicher Einwilligung der Eltern vor Ort per Formular, oder \u00fcber die Schule dar\u00fcber informiert und mit weiteren Informationen versorgt.<\/p>\n<p>&nbsp;<\/p>\n<p><span style=\"font-size: 14pt;\"><strong>Ausr\u00fcstung<\/strong>:<\/span><\/p>\n<p>Es wird ein Tischtennis Schl\u00e4ger und Sportbekleidung ben\u00f6tigt, insbesondere Hallenschuhe (helle Sohle). Sollte ein Schl\u00e4ger nicht verf\u00fcgbar sein, so steht eine begrenzte Anzahl vor Ort zur Verf\u00fcgung.<\/p>\n<p>&nbsp;<\/p>\n<p><span style=\"font-size: 14pt;\"><strong>Preise<\/strong>:<\/span><\/p>\n<p>Jede(r) TeilnehmerIn bekommt eine Urkunde und einen kleinen Sachpreis.<\/p>\n<p>&nbsp;<\/p>\n<p><span style=\"font-size: 14pt;\"><strong>Corona Regeln:<\/strong><\/span><\/p>\n<p>Es gilt die <a href=\"https:\/\/www.kreuztal.de\/aktuelle-informationen-der-stadtverwaltung-zum-coronavirus\/rechtslage-und-verordnungen\/\" target=\"_blank\" rel=\"noopener\"><strong>aktuelle Cortonaschutzverordnung der Stadt Kreuztal<\/strong><\/a>!<\/p>\n<p><strong><u>Zusammengefasst besagt diese<\/u>:<\/strong><\/p>\n<p>&#8211;\u00a0 Eine Teilnahme am Sportbetrieb <strong>f\u00fcr Kinder und Jugendliche bis einschlie\u00dflich 17 Jahre <\/strong>ist <strong>ohne Nachweispflichten<\/strong> m\u00f6glich.<\/p>\n<p>&#8211; Der Zutritt Bei Sportveranstaltungen ist f\u00fcr<strong> immunisierte Personen sowie f\u00fcr getestete Personen m\u00f6glich (3G)<\/strong>. Es muss sich um einen <strong>tagesaktuellen<\/strong> <strong>PCR-Test oder einen medizinischen Schnelltest handeln<\/strong>, Selbsttests oder eine Vororttestung sind nicht zugelassen. Der Nachweis ist weiterhin kontrollpflichtig. Bei Kindern und Jugendlichen bis einschlie\u00dflich 17 Jahre entf\u00e4llt die Nachweispflicht, sie sind bei der max. m\u00f6glichen Zuschauerzahl jedoch mit einzurechnen.<\/p>\n<p>&#8211;\u00a0 Das Tragen einer mindestens medizinischen Maske bei dem Besuch von Sportveranstaltungen ist nach wie vor vorgeschrieben.<\/p>\n<p>&nbsp;<\/p>\n<p><strong>Weitere Informationen<\/strong> zu den mini- Meisterschaften finden Sie auf den Seiten des <strong>WTTV<\/strong>:<\/p>\n<p><a href=\"http:\/\/www.nrw-tischtennis.de\/mini-meisterschaften\" target=\"_blank\" rel=\"noopener\">www.nrw-tischtennis.de\/mini-meisterschaften<\/a><\/p>\n<p>oder auf der Homepage des <strong>DTTB<\/strong>:<\/p>\n<p><a href=\"https:\/\/www.tischtennis.de\/minis\" target=\"_blank\" rel=\"noopener\">https:\/\/www.tischtennis.de\/minis<\/a><\/p>\n<p><strong>Wir w\u00fcnschen allen TeilnehmerInnen viel Spa\u00df beim Kennenlernen des Tischtennissports!<\/strong><\/p>\n<p><iframe loading=\"lazy\" title=\"Trailer: Kennt ihr die mini-Meisterschaften?\" width=\"525\" height=\"295\" src=\"https:\/\/www.youtube.com\/embed\/wNSEDyPSpTA?feature=oembed\" frameborder=\"0\" allow=\"accelerometer; autoplay; clipboard-write; encrypted-media; gyroscope; picture-in-picture; web-share\" referrerpolicy=\"strict-origin-when-cross-origin\" allowfullscreen><\/iframe><\/p>\n<p><strong><a href=\"https:\/\/tusferndorf-tischtennis.de\/wp-content\/uploads\/2022\/03\/Mini-Meisterschaften-2021.png\"><img loading=\"lazy\" decoding=\"async\" class=\"alignnone wp-image-17654 size-large\" src=\"https:\/\/tusferndorf-tischtennis.de\/wp-content\/uploads\/2022\/03\/0001-727x1024.jpg\" alt=\"\" width=\"525\" height=\"739\" \/><\/a><\/strong><\/p>\n<p>&nbsp;<\/p>\n<p>&nbsp;<\/p>\n<p>&nbsp;<\/p>\n","protected":false},"excerpt":{"rendered":"<p>&nbsp; Die mini-Meisterschaften sind eine Nachwuchsgewinnung- und Nachwuchsf\u00f6rderaktion des Deutschen Tischtennis-Bundes (DTTB), speziell entwickelt f\u00fcr Kinder im Alter von zw\u00f6lf Jahren oder j\u00fcnger. Dabei ist es vollkommen gleichg\u00fcltig, ob diese &hellip; <\/p>\n<p class=\"link-more\"><a href=\"https:\/\/tusferndorf-tischtennis.de\/?page_id=17644\" class=\"more-link\"><span class=\"screen-reader-text\">\u201eMini Meisterschaften 2021\/22 &#8211; Ortsentscheid Kreuztal\u201c<\/span> weiterlesen<\/a><\/p>\n","protected":false},"author":4,"featured_media":0,"parent":0,"menu_order":0,"comment_status":"closed","ping_status":"closed","template":"","meta":{"footnotes":""},"class_list":["post-17644","page","type-page","status-publish","hentry"],"_links":{"self":[{"href":"https:\/\/tusferndorf-tischtennis.de\/index.php?rest_route=\/wp\/v2\/pages\/17644","targetHints":{"allow":["GET"]}}],"collection":[{"href":"https:\/\/tusferndorf-tischtennis.de\/index.php?rest_route=\/wp\/v2\/pages"}],"about":[{"href":"https:\/\/tusferndorf-tischtennis.de\/index.php?rest_route=\/wp\/v2\/types\/page"}],"author":[{"embeddable":true,"href":"https:\/\/tusferndorf-tischtennis.de\/index.php?rest_route=\/wp\/v2\/users\/4"}],"replies":[{"embeddable":true,"href":"https:\/\/tusferndorf-tischtennis.de\/index.php?rest_route=%2Fwp%2Fv2%2Fcomments&post=17644"}],"version-history":[{"count":12,"href":"https:\/\/tusferndorf-tischtennis.de\/index.php?rest_route=\/wp\/v2\/pages\/17644\/revisions"}],"predecessor-version":[{"id":17664,"href":"https:\/\/tusferndorf-tischtennis.de\/index.php?rest_route=\/wp\/v2\/pages\/17644\/revisions\/17664"}],"wp:attachment":[{"href":"https:\/\/tusferndorf-tischtennis.de\/index.php?rest_route=%2Fwp%2Fv2%2Fmedia&parent=17644"}],"curies":[{"name":"wp","href":"https:\/\/api.w.org\/{rel}","templated":true}]}}